e factors of 0/2 - w/(-3).
3, 17
Suppose 25 = -3*j + 8*j. Let m(h) = 3*h**3 + 7*h**2 - h - 6. Let d(k) = -4*k**3 - 7*k**2 + 2*k + 6. Let p(q) = 4*d(q) + 5*m(q). List the prime factors of p(j).
59
Let j(h) = 9*h**2 - 8*h + 32. What are the prime factors of j(8)?
2, 17
Let n = -503 - -1485. List the prime factors of n.
2, 491
List the prime factors of (-781)/(-71)*(0 - -2).
2, 11
Let x(f) = -2*f**3 - 4*f**2 + 2. Suppose -2*c = 2*c + 16. Let d be x(c). Suppose r - d = -r. List the prime factors of r.
3, 11
Suppose 3*z - 129 = -4*d, -30 = z - 2*z + 3*d. Let i = z - 18. What are the prime factors of (-70)/(-3) - (-14)/i?
2, 3
Let l(y) = y + 11. Let x be l(-6). Suppose 5*p + 3*b = 238, 0 = x*b - 0 - 5. What are the prime factors of p?
47
Let c be (-12)/21 - 1555/35. Let u = 0 - c. What are the prime factors of u?
3, 5
Let d be (-4)/(-22) + ((-3288)/(-66) - 3). Suppose -3*a + 766 + d = 0. What are the prime factors of a?
271
Suppose 2*k + 3 = 5*j - 1, -4*k + 5*j = -12. Let w be (30/9)/(9/27). Suppose x - k = w. What are the prime factors of x?
2, 3
Suppose 3*r + 0 = 6. Let l(m) = m**2 - 4*m + 1. Let g be l(r). What are the prime factors of 4/(-6) - 32/g?
2, 5
Let r = -209 + 330. What are the prime factors of r?
11
Let s(p) = -9*p**2 - 3*p - 2. Let j(d) = d**2 + d + 1. Let v(k) = -5*j(k) - s(k). Let y be v(-2). Let w = -6 + y. What are the prime factors of w?
11
Suppose 4*t - 161 = -173. Let v = t + 130. What are the prime factors of v?
127
Let w be -2*(28/(-8) + 3). Let i be (2/6)/(w/54). Let d = -10 + i. List the prime factors of d.
2
Let r = -39 - -111. List the prime factors of ((-2)/2)/(-3 + 212/r).
2, 3
Let l(o) = o**3 - 3*o**2 - 5*o - 8. Suppose 4*p - 2*n - 4 = -4*n, 3*n - 6 = -p. Let z(t) = -t + 5. Let s be z(p). List the prime factors of l(s).
17
Suppose 4*w + 2*p + 188 = -0*p, 8 = -2*p. Let m be (30/w)/((-4)/(-138)). Let b = m - -48. What are the prime factors of b?
5
Suppose -3*f - 386 - 361 = 0. Let b = f + 423. Suppose 0*c + 3*v + 56 = c, 4*c - 2*v - b = 0. List the prime factors of c.
41
Let n = 2591 + -732. What are the prime factors of n?
11, 13
Let o(f) = -4*f**2 + 21*f - 3. Let p be 10*(-1 + (-15)/(-10)). Let g be o(p). Suppose -d + g = -32. What are the prime factors of d?
2, 17
What are the prime factors of 1251/(-18)*(3 + -29)?
13, 139
Let i be (-3*(-5)/6)/((-1)/210). Let b = i + 822. List the prime factors of b.
3, 11
Let u(l) = 5*l**2 + 2*l + 1. Let k be u(-1). Suppose 3*n + 12 = 0, k*p - 4*n = -p + 101. List the prime factors of p.
17
Let f be (-204)/(-8)*2 - -2. Suppose 0 = -6*g + 223 + f. What are the prime factors of g?
2, 23
Suppose 12*g = 19*g - 14. Suppose y - 20 = g. What are the prime factors of y?
2, 11
Let d(x) = -2*x**3 - 36*x**2 + 49*x - 27. List the prime factors of d(-21).
2, 3, 5, 53
Let j = 4437 + -2823. List the prime factors of j.
2, 3, 269
Suppose -5*x + 12096 = 2*o, -25*x - 4*o = -21*x - 9684. List the prime factors of x.
2, 3, 13, 31
Let c = 107 + -48. Suppose y + 5 = c. What are the prime factors of y?
2, 3
Suppose 2*j + 3 = 15. Suppose -4*x + j*x - 164 = 0. What are the prime factors of x?
2, 41
Let w be (2 - -1)*140/3. Suppose 2*z = 3*z - w. What are the prime factors of z?
2, 5, 7
Let u(k) = 2*k**3 - 3*k**2 + 5*k - 3. What are the prime factors of u(7)?
571
Let u be (2/3)/(1/(-39)). Suppose -2*t + 3*t - 15 = 3*n, 20 = -4*n. List the prime factors of (t - u)/(-5 - -6).
2, 13
Suppose 3*f + 3*k = 801, -6 = -k - 2*k. Let g = -129 + f. What are the prime factors of g?
2, 17
Suppose -2*d + 2 = -3*d. Let j = d + 7. Suppose -2*p + j*p - 129 = 0. List the prime factors of p.
43
Suppose -22*n + 27181 = -59169. What are the prime factors of n?
5, 157
Let j(i) = 3*i + 22. Suppose d - 10 = -2*p, -2*d + 3*p = d + 15. List the prime factors of j(d).
2, 11
Let x = 78 - 113. List the prime factors of 7/(x/(-450)) - -4.
2, 47
Let q(i) = 2*i**2 - 6*i - 12. Let t be q(6). Suppose 19*x = t*x - 360. Suppose -x = -a - 4*s, -36 = -a + 2*s + 18. What are the prime factors of a?
2, 3, 5
Suppose 53*f = 61*f - 4496. List the prime factors of f.
2, 281
Let y(f) = f**3 - f**2 - 2*f - 1. Let n(m) = -m - 14. Let w be n(-13). Let q be y(w). What are the prime factors of (-1 - q)*1 + 4?
2
What are the prime factors of (-72)/(-324) - (-5432)/18?
2, 151
Let h = 541 - 80. List the prime factors of h.
461
Suppose -110*h - 5792 = -126*h. List the prime factors of h.
2, 181
Let g be (2/(-2))/((-5)/25). Let v = g - 8. What are the prime factors of (2/v)/(14/(-441))?
3, 7
Let m = 78 - 98. What are the prime factors of (10/m)/(1/(-6))?
3
Let h(a) = 6*a**3 + 9*a**2 - 26*a + 14. List the prime factors of h(6).
2, 739
Let l(h) = -h**3 - 13*h**2 - 12*h - 8. What are the prime factors of l(-14)?
2, 89
Let l(h) = h**2 - 31*h - 108. List the prime factors of l(-18).
2, 3, 43
Suppose -77*v - 8450 = -90*v. List the prime factors of v.
2, 5, 13
Let n = 11 - 9. Suppose 3*h + 27 = -n*i - i, 0 = -3*h + 9. What are the prime factors of 26/7 - i/42?
2
Suppose -5*v = -3*t - 4*v + 10, -4*t + 4*v = 0. Let x be t/(-10) + (-13)/(-2). Suppose -5*y + 2*y = -x. List the prime factors of y.
2
Let h be (2/(-2) - -3) + -2. Suppose h = 5*s + 1 - 16. List the prime factors of 2 - -2*s - 1.
7
Let n(i) = -i - 8. Let c be n(-11). Suppose c*d + 57 = z, 3*d = -3*z + 2*z + 51. What are the prime factors of z?
2, 3
Let q = -11 + 8. Let p be -9*(-6 + 3)/q. Let c = 18 - p. List the prime factors of c.
3
Suppose 23 = 4*c - x, -2*c + 6*c = -x + 17. Let s(v) = -v**3 + 7*v**2 - 6*v. What are the prime factors of s(c)?
2, 5
Suppose 13*u - 10*u = -171. Let n = u - -268. What are the prime factors of n?
211
Let d be (-56)/(-3) + 3/9. Let n = -20 + d. Let x(o) = -5*o + 1. What are the prime factors of x(n)?
2, 3
What are the prime factors of (-7)/21*3*-1096?
2, 137
Suppose -4*b = q - 5 + 2, -5*b + 3*q + 25 = 0. Suppose 5*h + b*n = 304, -142 = -2*h + 2*n - 12. List the prime factors of h.
2, 31
Let j = 1768 + 39. What are the prime factors of j?
13, 139
Let d = 97 + -95. What are the prime factors of 1/d*226 - 0?
113
Let l(d) = d + 15. Let i(c) = -5*c - 60. Let m(k) = -2*i(k) - 9*l(k). Let s be m(9). Let o(x) = -x**3 - 6*x**2 - 6*x - 9. What are the prime factors of o(s)?
3
Suppose 5*h + 5*a = 2320, 5*h - 747 - 1543 = a. Suppose 0 = -w + 5*o + 161, -3*w + 0*o + h = -3*o. What are the prime factors of w?
151
Let o(a) = 3*a**2 - 10*a + 13. Let j be 1 + 8/(4/2). List the prime factors of o(j).
2, 19
Let i(c) = -c - 9. Let l be i(-11). Suppose -l*d - d = -234. List the prime factors of d.
2, 3, 13
Let x be 11*(-1 + 0) + 0. Let f = x - -14. Let g(l) = 10*l + 1. What are the prime factors of g(f)?
31
Let l = -968 + 1043. What are the prime factors of l?
3, 5
Let z(u) = u**2 + 2*u - 10. Let r be z(-6). Suppose 3*f = -3*y + 47 - r, f = 5*y + 11. What are the prime factors of f?
11
Let g = -100 + 1711. List the prime factors of g.
3, 179
Let u(t) = -3*t - 11. Let x be u(-5). Suppose 20 = 9*z - x*z. Suppose -78 = -z*a + a. List the prime factors of a.
2, 13
Let r(l) be the third derivative of l**5/15 + l**4/24 + l**3/6 + 7*l**2. What are the prime factors of r(-4)?
61
Let z be (-4)/18 + 16975/45. Suppose -5*c + z = 2*k, -2*c + 117 = -4*k - 29. What are the prime factors of c?
3, 5
Let f be 9*-1*(-17)/(17/(-30)). Let q = 473 + f. What are the prime factors of q?
7, 29
Suppose -3*p = -5*k + 16, 4*k = -7*p + 4*p + 2. Suppose 0 = -k*q + 5*q - 252. List the prime factors of q.
2, 3, 7
Let i = 798 + -577. List the prime factors of i.
13, 17
Suppose 5*n = 20*n - 2505. What are the prime factors of n?
167
Let u be 2*4/4*2. Suppose u*p - 97 = 99. List the prime factors of p.
7
Let r = 84 - -369. List the prime factors of r.
3, 151
Suppose 5*q + 212 = -8. Let h = q + 73. List the prime factors of h.
29
Let j be -19 - 3 - (-9)/(-3). Let c = 18 - 62. Let l = j - c. List the prime factors of l.
19
Suppose -9 = -3*u + 12. Let w(h) = -h**3 + u*h - 3 - 2 - 7*h**2 - 1. List the prime factors of w(-8).
2
List the prime factors of (919925/186 + (-2)/(-12))/2.
2473
What are the prime factors of 1019/4 - (-48)/(-64)?
2, 127
Suppose -8 = -4*h - 4*z, 3*h + h = 4*z + 24. Suppose 12 = 4*p + h. What are the prime factors of p?
2
Let s(v) = -10*v**2 - 73*v - 61. Let y(o) = -3*o**2 - 24*o - 20. Let g(b) = -2*s(b) + 7*y(b).